+ -35).
13
Evaluate 3 - -23 - (-22 - -61 - 30).
17
Evaluate -29 + (6 - 5 - (-17 - -9)).
-20
Calculate (-1 - -1) + 5 - (-87 + -1 + 71).
22
What is (-48 - -48) + -22 + 1 + 0 - 0?
-21
What is the value of (-4 - -4) + 37 + -40?
-3
-28 + (23 - 66) + 78
7
What is the value of (3 + 2 - 1) + 0 + -9 + 1?
-4
What is the value of (-15 - (7 - 17)) + 16 + -1 + 1?
11
Evaluate 132 + -94 - (-2 + 28).
12
What is 23 - 1 - (-78 + 86) - 7?
7
Evaluate 16 + (9 - 4) - 8.
13
Calculate 3 - (12 + 6 - 29).
14
Evaluate 32 - (-4 + -9 + -90 + 95).
40
Calculate -5 - 0 - (-47 - -30).
12
Evaluate -152 + 178 - (50 + -6).
-18
What is (-12 + (21 - -7 - -1) - 11) + -18?
-12
What is -12 + -5 - (44 - 47)?
-14
Calculate -20 + 8 + 9 + 5.
2
What is (15 + -15 - -25) + -27 + 18?
16
What is the value of -2 + -5 - (1 + -13)?
5
What is the value of 52 + (-28 - -5 - 15)?
14
What is -8 + (-12 + 20 - (3 - 10)) - -14?
21
What is 0 - (2 + -1) - (43 + -36 + 1)?
-9
What is (-91 - -114 - (19 + 2)) + 0 + 0?
2
Evaluate 2 + 20 - (-98 - -106) - -1.
15
Evaluate (1 - (7 + -6 - 1)) + -5 + -7.
-11
What is 0 + (2 + 11 - 15) - 15?
-17
What is (5 - 3) + -4 + -68 + 72 + -26?
-24
Evaluate 1 - -1 - ((85 - 142) + 39).
20
6 - (-2 - (19 + -20))
7
Calculate -6 + -16 + -5 - -22.
-5
What is (8 + -6 - (3 - 2)) + 6 + 5?
12
Evaluate -52 + 19 + -10 + 23.
-20
What is the value of -74 + -15 + 77 + 1 + 27?
16
What is (-179 - -173) + 1 + 6 - (-7 - -3)?
5
What is the value of -2 - (23 + -40) - 25?
-10
Evaluate -23 + 3 + -1 + (2 - -5).
-14
Evaluate 2 + 23 + (1 - 22).
4
What is 475 + -478 + (-1 - -27)?
23
What is (-152 - -145) + (26 - (2 + -1))?
18
What is -10 + -2 + -13 + 4?
-21
What is the value of 288 + -227 - (0 - -40)?
21
Calculate 1 + 24 - (2 + 9 + -4) - -6.
24
What is -27 + -24 + -1 + 25?
-27
What is the value of 4 - (29 - (12 - 2))?
-15
Evaluate 4 - -2 - (-16 + 11).
11
What is (5 - (-36 - -3 - (36 - 43))) + 4?
35
Evaluate 0 + (-2 - 14) - -4.
-12
-20 - -44 - 23 - (0 + 5 - 1)
-3
What is the value of 5 + -25 + 68 + -30?
18
What is 31 + -32 - ((-9 - (-11 - -5)) + -6)?
8
What is the value of 12 - (2 - ((8 - 7) + -5 + 2))?
8
Evaluate (6 - (-8 - 1)) + -9.
6
Calculate -3 - (5 + (3 - (-7 - -8)) - -7).
-17
Calculate -8 - (8 + -7 + 3 - 8) - -4.
0
-1 - ((1 - -4) + (4 - 3) + -19)
12
What is the value of (-3 - 12) + (-16 - -41)?
10
(-9 - -5) + 8 + -3 + 1 - 12
-10
Calculate (-20 + 5 - -14) + (5 - 0).
4
(-3 - -1) + 14 - (-46 - -49)
9
Calculate 3 - (-1 + (-3 - -4)) - (8 - -8).
-13
Evaluate 24 - (-7 + 8 + 3 + 1 + -4).
23
-4 + 8 + 12 + -4
12
Evaluate (12 - 2 - 19) + (2 - 0).
-7
What is 0 - (6 + (11 - (-14 - -9)))?
-22
Calculate 7 + -9 + (3 - -5) + 0.
6
Calculate -2 + -17 + 30 - (3 + 1 + 4).
3
What is the value of (24 - -5 - 9) + -28?
-8
Evaluate (-264 - -274) + -29 + 1.
-18
Calculate (3 + -4 - 5 - -2) + 2 - 16.
-18
What is -2 + 25 - (-5 - (8 + -12))?
24
11 - (-7 + 13 + 8)
-3
-10 - (-5 - (7 - 3) - -7)
-8
What is (11 - 4) + -10 + 3?
0
Evaluate 12 + -21 - (-12 - -1).
2
Calculate 12 - -1 - (1 - -2).
10
Evaluate 8 + 0 + -28 + 6.
-14
What is the value of 2 + -9 - (-16 + (13 - 9))?
5
(-14 - -27 - 18) + 20
15
Evaluate -35 + 37 + (-4 + 2 - 11 - -3).
-8
(-13 - 1) + 1686 + -1702
-30
-7 + 10 + -4 + 6
5
(-32 - -24) + (-4 - -6)
-6
Calculate 6 - (5 + 6) - -4 - (27 - 34).
6
Evaluate (2 - 4 - 5) + (7 - 9).
-9
What is the value of 1 + (-5 - -7) + (-17 - 6 - 6)?
-26
-154 - -165 - (9 + (3 - 3))
2
Calculate -8 - (0 + 1 + -4 + 4).
-9
Calculate (-31 - -2) + 137 + -119.
-11
Evaluate (63 - 34) + (-4 + 10 - 14).
21
Evaluate -62 - (7 - (36 - -3)).
-30
What is the value of 24 - 14 - (-20 - -19)?
11
-5 + -7 + (6 - 14 - -17)
-3
Calculate -51 + 66 + (15 - 0) - (7 + 1).
22
What is 0 - (-19 + -12 - -17)?
14
What is the value of 9 + 2 + -3 - (9 - 7)?
6
-4 + 1 - (-6 + 4)
-1
Evaluate -2 - (-24 - (-20 + 2)).
4
What is the value of -3 + 8 + -14 + 2 + 5 + -3?
-5
Calculate (-5 + 23 - (15 + -10)) + 5.
18
What is the value of 3 - (-21 + (16 - (4 - -4))) - 4?
12
What is 57 - 65 - (-13 + 1)?
4
Evaluate 83 + -91 + (2 - -23).
17
What is the value of 354 - 365 - (-20 + 1)?
8
Calculate 15 - -2 - ((7 - (0 - 10)) + -10).
10
-2 + 21 - (-241 + 247)
13
-6 + 7 + (2 - -3 - -10)
16
What is the value of (1 - -6) + -955 + 936?
-12
What is -2 - (2 - -8 - 17) - (1 + 1)?
3
Evaluate 14 - (-5 + 9 - 0) - -9.
19
What is 14 + -14 + (4 - 10)?
-6
Evaluate -8 + 5 + -10 + 3 - (-1 + 2).
-11
What is the value of -24 - (7 - 25 - 3)?
-3
Evaluate (3026 - 3038) + (2 - -1) + 1.
-8
Evaluate -3 + 34 + (1 - -9) + -13 + 0.
28
What is the value of -5 - (14 + 17 + -27)?
-9
Evaluate (10 - -36) + -6 + (-4 - 8).
28
What is the value of -3 - (-6 + (5 - 0) - -5) - -2?
-5
17 + (-1 - -7) + -14
9
(-6 + (6 - -2) - 4) + 7
5
What is the value of -1 + 6 + 1 - ((-2 - -7) + 2)?
-1
Evaluate 13 + (-36 - (46 - 88)).
19
Calculate 5 - (6 - (-13 - (-12 + 8))).
-10
Evaluate 28 + 18 + -44 + -11 + -2.
-11
20 + (-12 - 3 - 5)
0
What is -22 + (16 - 30 - -23)?
-13
Calculate 0 + (10 - 0) + (4 - (-22 + 25)).
11
Calculate -45 + 3 + (26 - -14).
-2
Evaluate -4 + (-18 - (15 + -29)) + (-2 - -6).
-4
Evaluate -3 + (-5 - (-4 + -1)).
-3
Calculate 2225 - 2250 - (-7 - -1 - -2).
-21
What is 14 + (30 - 23 - (-2 - -15))?
8
Evaluate -6 + -3 + 5 + -5.
-9
Calculate 20 - (9 + -1 + -2 + (24 - 30)).
20
What is the value of 3 + -2 + 21 + 28 + -34?
16
What is -12 - (-8 + 12 + -5) - (3 - -2)?
-16
What is the value of -6 + (-17 - (-14 - 17))?
8
Calculate 16 - -1 - (19 + -21 + 6).
13
(-18 - -19 - 0 - -7) + -1 + -14
-7
Evaluate 1 + -9 + 10 + 11 + -1.
12
What is the value of 0 + 1 - (-19 - (-54 - -33))?
-1
Calculate 39 + (-5 - (6 - -4)).
24
What is the value of 0 + -11 + -5 + 0 + (0 - -6)?
-10
Evaluate (-2 - 1) + -22 - (59 + -63).
-21
15 + (-41 + 4 - -15)
-7
-5 + (-1 + 3 + -12 - -8)
-7
Evaluate 7 + (11 + -16 - -11 - (5 + 0)).
8
Evaluate (-4 - -1) + 0 - (10 - (18 + -18)).
-13
-14 + -50 + 34 + (14 - (-4 - -8))
-20
What is the value of (1 - -9) + (-24 - (9 + -25)) - 5?
-3
Calculate 6 + -2 + (-25 - -23) + -8.
-6
Calculate (-41 - -34) + 17 + -1 + 3.
12
Evaluate 4 - -3 - (-13 + 11 + (-2 - -2)).
9
What is -2 + (2 - 3) - (27 + -12 - 25)?
7
What is the value of 8 + (35 - (24 + 11))?
8
Calculate (14 - 3) + 2 + -2 + (-81 - -89).
19
What is 5 + (-6 - (-8 - -3) - (-4 - -8))?
0
What is the value of 8 - 2 - ((2 - -4) + (0 - 10))?
10
Calculate 16 - (8 - (15 + -41)).
-18
Evaluate 17 + (-17 - (-15 + 13)) - -19.
21
What is the value of 2 + -3 + 19 - ((-14 - 0) + 17)?
15
Calculate 53 + -33 + -3 + -38.
-21
What is the value of 0 + 5 - (1 + -2 + (4 - -2))?
0
What is the value of 18 + -45 + 8 - -23?
4
Evaluate -8 + (3 - -17) + -19 + 13.
6
Evaluate (40 - 29) + 4 + -2 + -4.
9
(7 - 0 - 0 - 8) + 13 - -1
13
What is -23 + -44 + 39 + (-2 - -18 - 2)?
-14
6 + (2 + 0 - (-2 + 5 + -12))
17
What is the value of 24 - (19 + 10 + -31)?
26
What is (-57 - (-14 + 1)) + 3 + 8?
-33
Evaluate -3 - (1 + -9 - 3).
8
Calculate 6 + -4 + 10 + 1.
13
Evaluate (-31 + 10 - -66) + -15.
30
Calculate 16 + 0 + 47 + 20 + -59.
24
Calculate -7 - (6 - (1 - (-3 - 6))).
-3
26 + -35 + 12 - -2
5
Calculate -14 + -12 + 11 + 3 + 8.
-4
Evaluate 2 + -2 - (-7 + 6 - (20 - 19)).
2
What is the value of -2 - -15 - (-45 - -79)?
-21
What is 33 + 12 + 20 + -13 + -32?
20
Calculate 6 + -8 + (-12 - 1 - -7) - -8.
0
-22 - (-55 + (-2 - -16))
19
What is the value of (-52 - -51) + (3 - -5)?
7
Evaluate (19 - 9 - (1 + 4)) + (-1 - 4).
0
-9 + 11 - -4 - 0
6
9 + (22 - 29) - -5
7
What is the value of (-6 - 0) + (1 - (-21 - (-7 + 3)))?
12
Evaluate (36 - (11 + -18)) + -51.
-8
What is 1 + (-9 - (1 - 9)) + 4?
4
What is the value of (-13 - 2 - (-1 - 3)) + (-128 - -119)?
-20
Evaluate 12 - 1 - (31 - (-19 + 25 + 17)).
3
Calculate (15 - 6 - -5) + 24 + -35.
3
Evaluate 5 + -16 + -3 + 8.
-6
What is the value of -3 + (2 + -5 - -3 - -5)?
2
Evaluate (-4 - 0) + -1 + (-14 - -17) + 5.
3
Calculate -2 - (10 + (6 - 11) + -5).
-2
What is -13 + 1 + -5 + 13?
-4
((10 - (-7 + 29)) + 12 - 1) + 7
6
(12 - 7) + 7 + -7
5
-1 - ((-10 - -1) + (6 - (-22 + 27)))
7
-5 + (23 - 5) + -11
2
What is 29 + -15 + -12 + 4?
6
What is -1 + (3 + 5 + -13 + 1 - 5)?
-10
What is the value of 0 + -1 - (39 - 44) - -13?
17
What is the value of (-15 - -4 - (-25 + 10)) + (0 - 8)?
-4
-19 + (14 - (-12 + 6))
1
What is (20 - (10 + -8)) + (-9 - -1) + 1?
11
Evaluate -4 + 31 - (-89 - -138).
-22
28 + (-51 - 0) + -3
-26
What is t